et w be x(3). What is the remainder when -1*3/9 - w/33 is divided by 75?
70
Let y be 9/(-5) + ((-6)/(-15))/(-2). Let a = y - -5. What is the remainder when (1/(-2))/((-3)/108) is divided by a?
0
Let r(a) = 27*a - 1155. What is the remainder when 1252 is divided by r(44)?
31
Suppose 4*m + 2 = -14. Let o(d) = -209*d**3 + d**2 + d - 1. Let g be o(1). What is the remainder when -3 + (g/m)/1 is divided by 13?
10
Let o = -659 - -694. Suppose -s = -14 - 2. Suppose 2*z + s = 40. Calculate the remainder when o is divided by z.
11
Let k(r) = 71*r**2 - 10*r + 29. Let d be k(2). Suppose d - 1063 = -14*x. What is the remainder when 109 is divided by x?
54
Let s be 7*((-130)/35 + 4) - 8. What is the remainder when (158 - 1) + -4 + s/2 is divided by 71?
8
Suppose -446*u = -439*u + 770. Let s = u - -228. Calculate the remainder when s is divided by 7.
6
Let z be 0 + -2 + -1*(-3 - 11). Suppose -306 = -z*s + 6*s. Calculate the remainder when 150 is divided by s.
48
Let k(b) = b**3 + 6*b**2 + 9*b + 427. What is the remainder when k(0) is divided by 203?
21
Let j = 596 + -410. Let n(o) = -3*o**3 - 36*o**2 - 2*o + 14. What is the remainder when j is divided by n(-12)?
34
Let t be (16/14)/(7 - (-329)/(-49)). Suppose 0 = t*j - 4*b - 12, -8*b + 9*b + 18 = 4*j. What is the remainder when 13 is divided by j?
3
Suppose -d = -4*j - 36, -721*j + 722*j = -3*d + 147. What is the remainder when 927 is divided by d?
15
Suppose -4878 - 162 = -16*b. What is the remainder when b is divided by 86?
57
Suppose 6*b - 147 = -5*a, -32*b = -31*b - 7. Calculate the remainder when 203 is divided by a.
14
Let q = -35 - -37. Suppose 2*z = 3*y - 25, -y + 25 = 5*z - 9*z. What is the remainder when 19 is divided by y + 7 - 3 - 1*q?
5
Suppose -7*p + 1285 = 74. Calculate the remainder when p is divided by 162.
11
Suppose -38*u = -48*u + 140. Suppose 0 = 2*i + 4*i - 330. What is the remainder when i is divided by u?
13
Suppose 2*r = 2*h - 418, 6*h - 4*h - 421 = 5*r. Let a(u) = u**3 + 19*u**2 - 2*u - 28. What is the remainder when h is divided by a(-19)?
8
Suppose 0 = -4*v + r + 6, 2 = -v + 3*r - 2. Suppose -v*c + 600 = 4*c. What is the remainder when c is divided by 28?
16
Let x = -234 - -246. Suppose 0 = -6*u - x*u + 6012. Calculate the remainder when u is divided by 7.
5
Suppose 3 = 2*s - 11. Suppose i + 3 = 4*g, i - g = -3*g - 15. Calculate the remainder when (i + (-273)/(-35))/(2/(-15)) is divided by s.
3
Suppose 2*a = 265 + 39. What is the remainder when a is divided by ((-351)/(-15) + -3)*35/14?
50
Let h(o) = -o**3 + 4*o**2 + 6*o + 4. Suppose 0 = 3*y + 3, m + 2*y + 7 = 3*y. Let b = m - -14. What is the remainder when h(5) is divided by b?
3
Suppose 16*n - 460 - 3636 = 0. Calculate the remainder when n is divided by 70.
46
Suppose 0 = z - 2*z - 2, -3*v + 50 = -z. Let y = 421366 + -420665. Calculate the remainder when y is divided by v.
13
Suppose 0 = -62*c + 63*c - 3*w - 165, 0 = -5*c + 5*w + 815. Calculate the remainder when c is divided by 11.
8
Suppose -2*n = 3*o - 487, 0 = 10*n - 12*n - 8. What is the remainder when o is divided by 53?
6
Let i(t) = 24*t - 106. Let k be (-93)/(-1) - (27 + -24). Let n = k - 66. What is the remainder when n is divided by i(5)?
10
Suppose 614 = 18*m - 826. Suppose -13*n + 10*n + 51 = 0. What is the remainder when m is divided by n?
12
Let y = -435 + 705. Calculate the remainder when y is divided by 31.
22
Suppose -5*c + 4*m + 26 = 19, 19 = 3*c + 5*m. Calculate the remainder when 202 is divided by c.
1
Let n(k) = k**3 - 41*k**2 - 43*k + 82. Calculate the remainder when 58 is divided by n(42).
18
Suppose 5*l - 884 = -x, -l + x = -4*l + 530. Suppose 3518*z - 3499*z - 1159 = 0. What is the remainder when l is divided by z?
55
Let h be 2412/16*16/6. Let t = 441 - h. What is the remainder when t is divided by 17?
5
Suppose -76 - 325 = -3*m - 4*u, -5*m + 679 = 4*u. Calculate the remainder when 682 is divided by m.
126
Suppose q = 2*p + 2, 0 + 31 = -5*p - 4*q. Let b(f) = -2*f**3 - f**2 + 10*f + 5. Calculate the remainder when 155 is divided by b(p).
15
Let o = 3446 - 3237. Calculate the remainder when o is divided by 3.
2
Suppose 3*n - 1208 = l, 2*n - 242 = -l + 560. Calculate the remainder when n is divided by 66.
6
Let s = -15676 + 15785. What is the remainder when 577 is divided by s?
32
Let k be ((-14)/3)/(-1)*(-90)/(-7). Suppose u + 2*u - k = 0. Suppose -8*r = -39 - 17. What is the remainder when u is divided by r?
6
Suppose 0 = 25*k - 383970 + 53845. What is the remainder when k is divided by 127?
124
Let x be (4 - 2/(-2)) + -613. Let q = x - -619. What is the remainder when (1 + 3)/(2/10) is divided by q?
9
Let h(k) = -k**2 + 152*k - 3744. Calculate the remainder when h(109) is divided by 207.
115
Let o = -495 - -461. Let s = o + 39. Calculate the remainder when 37 is divided by s.
2
Suppose 17*k - 14*k = 0. Suppose z - 35 = -k*z. Suppose -51*p - 22 = -4*c - 53*p, 5*c = -3*p + 27. What is the remainder when z is divided by c?
5
Let s(q) = -23*q + 14. Suppose -4*n + 3*t + 144 = 0, -3*n + 60 = t - 48. Calculate the remainder when s(-4) is divided by n.
34
Let y(g) = 2*g**2 + 5*g + 16. Let a be (14/(-8 - -6))/1. What is the remainder when y(a) is divided by 32?
15
Calculate the remainder when 289 + (2 - -3) - (-6 - -13) is divided by 37.
28
Let r(c) = -3*c**3 - 2*c**2 - 1. Suppose 6*a - 3*a + f = 16, a = -3*f. What is the remainder when (-51 - 15)/(a/(-4)) is divided by r(-2)?
14
Let y(t) = t**2 - 28*t + 230. Let r = 621 - 602. Calculate the remainder when y(r) is divided by 21.
17
Let w(j) = -1377*j - 24517. Suppose -2*b + 5*f = -50, 5*b + 4*f - 173 = -15. Calculate the remainder when w(-18) is divided by b.
29
Let x = -215 - -406. Let o = -155218 + 155233. Calculate the remainder when x is divided by o.
11
Let u(b) = -19*b - 1274. What is the remainder when 48 is divided by u(-68)?
12
Suppose 3*w = -3*d - 24, -6 - 10 = 3*w + d. Suppose 2*g - 2 = 0, -2*v + 5*g - 40 = -1. Let t = w - v. Calculate the remainder when t is divided by 4.
1
Suppose 5*r = 5*t + 130, -5*r + 75 + 64 = -2*t. What is the remainder when 1949 is divided by r?
6
Let p(z) = -18*z - 29. Let j be (-4)/22 - (-11)/(242/(-128)). Let b be p(j). Let n = b + -76. What is the remainder when 16 is divided by n?
1
Let k = 12260 + -10909. Calculate the remainder when k is divided by 49.
28
Suppose 4*r = -2*s + 330, 0 = -42*s + 38*s - 4*r + 656. Calculate the remainder when s is divided by (-2)/(-4)*(83 + (-4 - -3)).
40
Let y = 46 - 30. Let w = -201 + 227. Suppose 0 = 2*p + w - 152. Calculate the remainder when p is divided by y.
15
Let w(g) = -g**3 - 127*g**2 - 5*g - 377. What is the remainder when 3345 is divided by w(-127)?
249
Suppose 433*q - 292 - 1253 = 403*q + 705. What is the remainder when q is divided by 19 + 0*(0 - -1)?
18
Let b be (40/(-25))/((3/60)/(-1)). Let s = b + -27. Suppose n = -z + s, -5*n - 4*z = -2*n - 11. Calculate the remainder when 25 is divided by n.
7
Suppose 22*d + 42*d = -17*d + 2268. What is the remainder when 1285 is divided by d?
25
Suppose 5*o = 4*m + 596, 5*m + 6*o + 728 = 8*o. Let s = m + 164. What is the remainder when 116 is divided by s?
16
Suppose -473*n - 27 = -476*n. Let s(t) = -5*t + 58. Calculate the remainder when 219 is divided by s(n).
11
Let c be 5 - 5 - 5/((-5)/3). Suppose -823 = -c*b - s, 0*s + 2*s = -b + 276. Calculate the remainder when b is divided by 55.
54
Let i(f) = 2*f**2 + f + 2. Let u be i(-2). Calculate the remainder when 490 is divided by u/(-36) - 5180/(-63).
80
Let q(v) = -v**3 + 22*v**2 + 27*v + 8. Let x = 37 + -25. Let f = 14 + x. What is the remainder when q(23) is divided by f?
22
Let w be 166/(-12) + 7/(-42) - -2. Let n = w + 21. What is the remainder when 61 is divided by n?
7
What is the remainder when 112 is divided by (-22)/(-6)*-3 - (34 + -58)?
8
Let b = -223 + 229. What is the remainder when 153 is divided by b - (2 - 2) - -8?
13
Let t(m) = 2*m**3 - 10*m**2 - 48*m + 426. Calculate the remainder when t(13) is divided by 132.
130
Suppose 0 = -3*r - 2*d - 39, -3*r + 3*d = 22 + 17. Let o = 31 + r. Suppose -4*i = 2*f + o, -1 = 4*f + i - 0*i. What is the remainder when 2 is divided by f?
0
Suppose 13*n - 50 = 11*n. Let h be (-990)/(-25) + (-8)/(-20). Let g = h - -31. What is the remainder when g is divided by n?
21
Let f = -46 - -81.